7?
9
What is the thousands digit of 2406?
2
What is the tens digit of 1636?
3
What is the hundreds digit of 17827?
8
What is the ten thousands digit of 44044?
4
What is the thousands digit of 33376?
3
What is the units digit of 22328?
8
What is the hundreds digit of 68064?
0
What is the thousands digit of 1478?
1
What is the tens digit of 6012?
1
What is the tens digit of 31068?
6
What is the ten thousands digit of 82564?
8
What is the units digit of 1307?
7
What is the hundreds digit of 22269?
2
What is the thousands digit of 1904?
1
What is the thousands digit of 14762?
4
What is the tens digit of 1106?
0
What is the tens digit of 4625?
2
What is the hundreds digit of 17256?
2
What is the units digit of 1952?
2
What is the hundreds digit of 190146?
1
What is the thousands digit of 41769?
1
What is the units digit of 1243?
3
What is the hundreds digit of 5537?
5
What is the hundreds digit of 188?
1
What is the tens digit of 5561?
6
What is the tens digit of 1118?
1
What is the hundreds digit of 13562?
5
What is the tens digit of 5295?
9
What is the thousands digit of 34400?
4
What is the tens digit of 18802?
0
What is the thousands digit of 21293?
1
What is the hundreds digit of 56074?
0
What is the ten thousands digit of 92209?
9
What is the thousands digit of 3737?
3
What is the tens digit of 5521?
2
What is the thousands digit of 19539?
9
What is the hundreds digit of 314?
3
What is the thousands digit of 2375?
2
What is the tens digit of 918?
1
What is the hundreds digit of 7544?
5
What is the hundreds digit of 3974?
9
What is the thousands digit of 16264?
6
What is the tens digit of 72657?
5
What is the tens digit of 51555?
5
What is the units digit of 35181?
1
What is the units digit of 2125?
5
What is the units digit of 17474?
4
What is the units digit of 1825?
5
What is the ten thousands digit of 14933?
1
What is the thousands digit of 1116?
1
What is the tens digit of 39671?
7
What is the tens digit of 1045?
4
What is the thousands digit of 16854?
6
What is the ten thousands digit of 65907?
6
What is the units digit of 1554?
4
What is the hundreds digit of 613?
6
What is the units digit of 50095?
5
What is the hundreds digit of 976?
9
What is the hundreds digit of 294?
2
What is the units digit of 9960?
0
What is the hundreds digit of 1082?
0
What is the tens digit of 4159?
5
What is the tens digit of 3196?
9
What is the ten thousands digit of 11807?
1
What is the thousands digit of 1915?
1
What is the hundreds digit of 372?
3
What is the units digit of 93126?
6
What is the hundreds digit of 670?
6
What is the hundreds digit of 107978?
9
What is the units digit of 1018?
8
What is the units digit of 95865?
5
What is the ten thousands digit of 14923?
1
What is the tens digit of 12167?
6
What is the hundreds digit of 24703?
7
What is the units digit of 29916?
6
What is the units digit of 32331?
1
What is the units digit of 5238?
8
What is the hundreds digit of 85351?
3
What is the thousands digit of 114976?
4
What is the units digit of 114623?
3
What is the tens digit of 5591?
9
What is the hundreds digit of 2991?
9
What is the thousands digit of 12224?
2
What is the ten thousands digit of 14341?
1
What is the thousands digit of 14809?
4
What is the hundreds digit of 4282?
2
What is the units digit of 33558?
8
What is the hundreds digit of 129382?
3
What is the units digit of 1274?
4
What is the thousands digit of 93182?
3
What is the thousands digit of 70404?
0
What is the ten thousands digit of 38081?
3
What is the units digit of 1664?
4
What is the hundreds digit of 75675?
6
What is the thousands digit of 2639?
2
What is the hundreds digit of 9878?
8
What is the ten thousands digit of 114737?
1
What is the units digit of 52676?
6
What is the thousands digit of 104305?
4
What is the hundreds digit of 1838?
8
What is the tens digit of 17287?
8
What is the tens digit of 21300?
0
What is the hundreds digit of 16916?
9
What is the hundreds digit of 283?
2
What is the units digit of 2766?
6
What is the tens digit of 11184?
8
What is the units digit of 7236?
6
What is the units digit of 30495?
5
What is the ten thousands digit of 12359?
1
What is the hundreds digit of 201?
2
What is the tens digit of 4345?
4
What is the units digit of 574?
4
What is the tens digit of 137?
3
What is the units digit of 6214?
4
What is the ten thousands digit of 26022?
2
What is the tens digit of 72229?
2
What is the units digit of 956?
6
What is the tens digit of 533?
3
What is the thousands digit of 91387?
1
What is the tens digit of 186?
8
What is the tens digit of 2938?
3
What is the units digit of 443?
3
What is the thousands digit of 41025?
1
What is the thousands digit of 33417?
3
What is the hundreds digit of 900?
9
What is the hundreds digit of 3614?
6
What is the tens digit of 5387?
8
What is the hundreds digit of 1297?
2
What is the thousands digit of 1378?
1
What is the thousands digit of 1703?
1
What is the hundreds digit of 387?
3
What is the hundreds digit of 30191?
1
What is the units digit of 3557?
7
What is the tens digit of 599?
9
What is the hundreds digit of 5081?
0
What is the units digit of 3026?
6
What is the hundreds digit of 2841?
8
What is the hundreds digit of 29232?
2
What is the units digit of 3118?
8
What is the hundreds digit of 12466?
4
What is the thousands digit of 5871?
5
What is the tens digit of 966?
6
What is the hundreds digit of 21619?
6
What is the thousands digit of 24565?
4
What is the hundreds digit of 624?
6
What is the hundreds digit of 5109?
1
What is the tens digit of 6012?
1
What is the tens digit of 483?
8
What is the thousands digit of 8951?
8
What is the hundreds digit of 2372?
3
What is the thousands digit of 2248?
2
What is the thousands digit of 8571?
8
What is the hundreds digit of 12516?
5
What is the units digit of 1147?
7
What is the hundreds digit of 5983?
9
What is the hundreds digit of 4114?
1
What is the hundreds digit of 44701?
7
What is the thousands digit of 1364?
1
What is the hundreds digit of 1809?
8
What is the thousands digit of 24033?
4
What is the tens digit of 191297?
9
What is the units digit of 4101?
1
What is the thousands digit of 1083?
1
What is the units digit of 4772?
2
What is the tens digit of 90422?
2
What is the tens digit of 5675?
7
What is the ten thousands digit of 13268?
1
What is the hundreds digit of 1918?
9
What is the units digit of 54337?
7
What is the units digit of 11867?
7
What is the tens digit of 8677?
7
What is the hundreds digit of 1699?
6
What is the hundreds digit of 462?
4
What is the hundreds digit of 6815?
8
What is the hundreds digit of 985?
9
What is the hundreds digit of 48177?
1
What is the thousands digit of 122932?
2
What is the hundreds digit of 847?
8
What is the units digit of 1130?
0
What is the tens digit of 20655?
5
What is the thousands digit of 6273?
6
What is the units digit of 4625?
5
What is the units digit of 9642?
2
What is the thousands digit of 22148?
2
What is the tens digit of 826?
2
What is the units digit of 4454?
4
What is the units digit of 188?
8
What is the thousands digit of 26783?
6
What is the tens digit of 82685?
8
What is the hundreds digit of 26085?
0
What is the tens digit of 67?
6
What is the units digit of 1174?
4
What is the hundreds digit of 1135?
1
What is the hundreds digit of 3854?
8
What is the tens digit of 8475?
7
What is the thousands digit of 6799?
6
What is the tens digit of 145871?
7
What is the hundreds digit of 744?
7
What is the tens digit of 75824?
2
What is the ten thousands digit of 39229?
3
What is the units digit of 7580?
0
What is the hundreds digit of 650?
6
What is the units digit of 62?
2
What is the tens digit of 3475?
7
What is the hundreds digit of 135639?
6
What is the tens digit of 877?
7
What is the tens digit of 4286?
8
What is the units digit of 557?
7
What is the thousands digit of 4125?
4
What is the tens digit of 82274?
7
What is the thousands digit of 19492?
9
What is the ten thousands digit of 34928?
3
What is the tens digit of 12115?
1
What is the ten thousands digit of 54057?
5
What is the thousands digit of 4206?
4
What is the units digit of 3086?
6
What is the hundred thousands digit of 174309?
1
What is the ten thousands digit of 58954?
5
What is the hundreds digit of 914